dreds digit of 718?
7
What is the tens digit of 339?
3
What is the tens digit of 68?
6
What is the units digit of 444?
4
What is the tens digit of 9609?
0
What is the thousands digit of 7385?
7
What is the thousands digit of 4592?
4
What is the thousands digit of 135414?
5
What is the units digit of 39628?
8
What is the units digit of 5973?
3
What is the tens digit of 110782?
8
What is the units digit of 633?
3
What is the tens digit of 177616?
1
What is the hundreds digit of 4516?
5
What is the thousands digit of 2108?
2
What is the thousands digit of 1753?
1
What is the hundreds digit of 4379?
3
What is the hundreds digit of 62512?
5
What is the tens digit of 2363?
6
What is the units digit of 31943?
3
What is the thousands digit of 12698?
2
What is the units digit of 5698?
8
What is the hundreds digit of 1477?
4
What is the tens digit of 30085?
8
What is the units digit of 733?
3
What is the tens digit of 40166?
6
What is the hundreds digit of 766?
7
What is the tens digit of 8507?
0
What is the tens digit of 10750?
5
What is the tens digit of 3699?
9
What is the tens digit of 11993?
9
What is the units digit of 1032?
2
What is the tens digit of 782?
8
What is the thousands digit of 8724?
8
What is the hundreds digit of 8203?
2
What is the thousands digit of 3425?
3
What is the tens digit of 6988?
8
What is the ten thousands digit of 35596?
3
What is the hundreds digit of 16612?
6
What is the ten thousands digit of 26307?
2
What is the hundreds digit of 604?
6
What is the thousands digit of 1804?
1
What is the hundreds digit of 8159?
1
What is the units digit of 10579?
9
What is the thousands digit of 3528?
3
What is the units digit of 15418?
8
What is the ten thousands digit of 35450?
3
What is the thousands digit of 2793?
2
What is the hundreds digit of 1092?
0
What is the tens digit of 15292?
9
What is the hundreds digit of 5568?
5
What is the ten thousands digit of 14030?
1
What is the tens digit of 10647?
4
What is the hundreds digit of 4725?
7
What is the hundreds digit of 4074?
0
What is the units digit of 8000?
0
What is the ten thousands digit of 24293?
2
What is the thousands digit of 6939?
6
What is the tens digit of 1092?
9
What is the units digit of 9416?
6
What is the units digit of 8859?
9
What is the units digit of 3335?
5
What is the ten thousands digit of 26558?
2
What is the units digit of 22615?
5
What is the thousands digit of 1859?
1
What is the tens digit of 61406?
0
What is the units digit of 2757?
7
What is the ten thousands digit of 34034?
3
What is the ten thousands digit of 77325?
7
What is the tens digit of 74534?
3
What is the tens digit of 868?
6
What is the ten thousands digit of 37203?
3
What is the thousands digit of 1530?
1
What is the hundreds digit of 6752?
7
What is the ten thousands digit of 36746?
3
What is the tens digit of 1053?
5
What is the units digit of 991?
1
What is the thousands digit of 1606?
1
What is the units digit of 538?
8
What is the units digit of 4632?
2
What is the tens digit of 5317?
1
What is the hundreds digit of 2900?
9
What is the units digit of 21274?
4
What is the tens digit of 5567?
6
What is the tens digit of 378?
7
What is the thousands digit of 8549?
8
What is the hundreds digit of 10791?
7
What is the tens digit of 25236?
3
What is the hundreds digit of 5775?
7
What is the ten thousands digit of 66923?
6
What is the units digit of 29?
9
What is the units digit of 880?
0
What is the thousands digit of 2758?
2
What is the units digit of 69178?
8
What is the units digit of 24381?
1
What is the tens digit of 10033?
3
What is the ten thousands digit of 14749?
1
What is the units digit of 737?
7
What is the tens digit of 35877?
7
What is the tens digit of 5019?
1
What is the hundreds digit of 1824?
8
What is the thousands digit of 1099?
1
What is the tens digit of 5718?
1
What is the thousands digit of 1434?
1
What is the units digit of 542?
2
What is the ten thousands digit of 48329?
4
What is the thousands digit of 1913?
1
What is the tens digit of 8940?
4
What is the thousands digit of 2874?
2
What is the tens digit of 5282?
8
What is the tens digit of 649?
4
What is the thousands digit of 21780?
1
What is the units digit of 60?
0
What is the hundred thousands digit of 115451?
1
What is the units digit of 4409?
9
What is the hundreds digit of 7117?
1
What is the units digit of 98638?
8
What is the units digit of 62934?
4
What is the units digit of 528?
8
What is the ten thousands digit of 182739?
8
What is the hundreds digit of 7212?
2
What is the units digit of 24903?
3
What is the thousands digit of 48261?
8
What is the thousands digit of 7230?
7
What is the ten thousands digit of 20605?
2
What is the hundreds digit of 46319?
3
What is the hundreds digit of 7243?
2
What is the units digit of 1009?
9
What is the ten thousands digit of 37909?
3
What is the units digit of 1969?
9
What is the units digit of 1546?
6
What is the thousands digit of 1441?
1
What is the hundreds digit of 70453?
4
What is the ten thousands digit of 66277?
6
What is the units digit of 1909?
9
What is the units digit of 270?
0
What is the units digit of 22180?
0
What is the thousands digit of 1924?
1
What is the hundreds digit of 219?
2
What is the units digit of 3571?
1
What is the tens digit of 21256?
5
What is the hundreds digit of 1725?
7
What is the units digit of 86?
6
What is the units digit of 69303?
3
What is the ten thousands digit of 25678?
2
What is the hundreds digit of 479?
4
What is the tens digit of 2381?
8
What is the tens digit of 6213?
1
What is the tens digit of 16211?
1
What is the units digit of 1333?
3
What is the units digit of 461?
1
What is the thousands digit of 6526?
6
What is the ten thousands digit of 93481?
9
What is the ten thousands digit of 18373?
1
What is the tens digit of 33579?
7
What is the hundreds digit of 2575?
5
What is the tens digit of 8130?
3
What is the thousands digit of 20170?
0
What is the units digit of 11564?
4
What is the thousands digit of 39974?
9
What is the units digit of 1948?
8
What is the units digit of 870?
0
What is the units digit of 443?
3
What is the thousands digit of 2535?
2
What is the tens digit of 40785?
8
What is the hundreds digit of 15350?
3
What is the tens digit of 2489?
8
What is the ten thousands digit of 202969?
0
What is the units digit of 10257?
7
What is the tens digit of 1280?
8
What is the tens digit of 23822?
2
What is the ten thousands digit of 10261?
1
What is the units digit of 3550?
0
What is the hundreds digit of 2001?
0
What is the thousands digit of 7881?
7
What is the hundreds digit of 5025?
0
What is the thousands digit of 3961?
3
What is the thousands digit of 2756?
2
What is the hundreds digit of 8318?
3
What is the ten thousands digit of 13757?
1
What is the hundreds digit of 391?
3
What is the ten thousands digit of 52130?
5
What is the thousands digit of 1304?
1
What is the thousands digit of 2817?
2
What is the hundreds digit of 41782?
7
What is the thousands digit of 5281?
5
What is the tens digit of 7547?
4
What is the hundreds digit of 29761?
7
What is the units digit of 3679?
9
What is the tens digit of 974?
7
What is the tens digit of 4943?
4
What is the hundreds digit of 252?
2
What is the hundreds digit of 1108?
1
What is the units digit of 25283?
3
What is the tens digit of 1333?
3
What is the hundreds digit of 68821?
8
What is the ten thousands digit of 145553?
4
What is the tens digit of 2333?
3
What is the units digit of 608?
8
What is the thousands digit of 2491?
2
What is the ten thousands digit of 73385?
7
What is the tens digit of 561?
6
What is the units digit of 92?
2
What is the tens digit of 7529?
2
What is the hundreds digit of 63806?
8
What is the thousands digit of 5803?
5
What is the tens digit of 987?
8
What is the tens digit of 28433?
3
What is the units digit of 276?
6
What is the units digit of 7136?
6
What is the thousands digit of 51723?
1
What is the thousands digit of 84198?
4
What is the ten thousands digit of 25830?
2
What is the thousands digit of 3697?
3
What is the ten thousands digit of 21823?
2
What is the tens digit of 2794?
9
What is the ten thousands digit of 193402?
9
What is the hundreds digit of 3085?
0
What is the units digit of 29766?
6
What is the hund